{"id":25,"date":"2026-04-27T19:19:02","date_gmt":"2026-04-27T19:19:02","guid":{"rendered":"https:\/\/dezotech.hu\/?page_id=25"},"modified":"2026-04-28T20:00:13","modified_gmt":"2026-04-28T20:00:13","slug":"kapcsolat","status":"publish","type":"page","link":"https:\/\/dezotech.hu\/?page_id=25","title":{"rendered":"Kapcsolat"},"content":{"rendered":"\n<h3 class=\"wp-block-heading\"><strong>Kapcsolat<\/strong><\/h3>\n\n\n<div class=\"wp-block-image\">\n<figure class=\"aligncenter size-large\"><img loading=\"lazy\" decoding=\"async\" width=\"1024\" height=\"558\" src=\"https:\/\/dezotech.hu\/wp-content\/uploads\/2026\/04\/Gemini_Generated_Image_dzzqytdzzqytdzzq-1024x558.png\" alt=\"\" class=\"wp-image-83\" srcset=\"https:\/\/dezotech.hu\/wp-content\/uploads\/2026\/04\/Gemini_Generated_Image_dzzqytdzzqytdzzq-1024x558.png 1024w, https:\/\/dezotech.hu\/wp-content\/uploads\/2026\/04\/Gemini_Generated_Image_dzzqytdzzqytdzzq-300x163.png 300w, https:\/\/dezotech.hu\/wp-content\/uploads\/2026\/04\/Gemini_Generated_Image_dzzqytdzzqytdzzq-768x419.png 768w, https:\/\/dezotech.hu\/wp-content\/uploads\/2026\/04\/Gemini_Generated_Image_dzzqytdzzqytdzzq.png 1380w\" sizes=\"auto, (max-width: 1024px) 100vw, 1024px\" \/><\/figure>\n<\/div>\n\n\n<div style=\"height:20px\" aria-hidden=\"true\" class=\"wp-block-spacer\"><\/div>\n\n\n\n<h3 class=\"wp-block-heading\">Keressen minket bizalommal!<\/h3>\n\n\n\n<p>Legyen sz\u00f3 term\u00e9kinform\u00e1ci\u00f3r\u00f3l, \u00e1raj\u00e1nlatk\u00e9r\u00e9sr\u0151l vagy technikai t\u00e1mogat\u00e1sr\u00f3l, szak\u00e9rt\u0151 csapatunk k\u00e9szs\u00e9ggel \u00e1ll rendelkez\u00e9s\u00e9re.<\/p>\n\n\n\n<div style=\"height:10px\" aria-hidden=\"true\" class=\"wp-block-spacer\"><\/div>\n\n\n\n<h3 class=\"wp-block-heading\">K\u00f6zponti el\u00e9rhet\u0151s\u00e9gek<\/h3>\n\n\n\n<p>A hat\u00e9konyabb \u00fcgyint\u00e9z\u00e9s \u00e9rdek\u00e9ben k\u00e9rj\u00fck, keresse az illet\u00e9kes ter\u00fcletet:<\/p>\n\n\n\n<ul class=\"wp-block-list\">\n<li><strong>\u00c1ltal\u00e1nos inform\u00e1ci\u00f3k \u00e9s aj\u00e1nlatk\u00e9r\u00e9s:<\/strong> <a href=\"mailto:info@dezotech.hu\" target=\"_blank\" rel=\"noreferrer noopener\">info@dezotech.hu<\/a><\/li>\n\n\n\n<li><strong>K\u00f6zponti telefonsz\u00e1m:<\/strong> +36 30 908 0670<\/li>\n\n\n\n<li><strong>Szakmai tan\u00e1csad\u00e1s:<\/strong> Amennyiben specifikus m\u0171t\u00e9ttechnikai k\u00e9rd\u00e9se van, k\u00e9rj\u00fck, jelezze e-mailben, \u00e9s szak\u00e9rt\u0151 koll\u00e9g\u00e1nk visszah\u00edvja \u00d6nt.<\/li>\n<\/ul>\n\n\n\n<div style=\"height:10px\" aria-hidden=\"true\" class=\"wp-block-spacer\"><\/div>\n\n\n\n<h3 class=\"wp-block-heading\">C\u00e9gadatok<\/h3>\n\n\n\n<p><strong>Dezo Tech Bt.<\/strong> <\/p>\n\n\n\n<p><strong>Sz\u00e9khely:<\/strong> 2230 Gy\u00f6mr\u0151, Bajcsy-Zsilinszky \u00fat 18.<br><strong>Ad\u00f3sz\u00e1m:<\/strong> 20340353-2-13<br><strong>C\u00e9gjegyz\u00e9ksz\u00e1m:<\/strong> 13-06-051838<\/p>\n\n\n\n<div style=\"height:10px\" aria-hidden=\"true\" class=\"wp-block-spacer\"><\/div>\n\n\n\n<h3 class=\"wp-block-heading\">Mi\u00e9rt v\u00e1lassza a Dezo Tech-et?<\/h3>\n\n\n\n<ul class=\"wp-block-list\">\n<li><strong>Gyors v\u00e1laszid\u0151:<\/strong> Minden megkeres\u00e9sre t\u00f6reksz\u00fcnk 24 \u00f3r\u00e1n bel\u00fcl \u00e9rdemi v\u00e1laszt adni.<\/li>\n\n\n\n<li><strong>Szakmai h\u00e1tt\u00e9r:<\/strong> 2004 \u00f3ta gy\u0171jt\u00f6tt tapasztalatunk a garancia a szak\u00e9rt\u0151 t\u00e1mogat\u00e1sra.<\/li>\n\n\n\n<li><strong>K\u00f6zvetlen kapcsolat:<\/strong> Magyar tulajdonosk\u00e9nt fontos sz\u00e1munkra a szem\u00e9lyes \u00e9s megb\u00edzhat\u00f3 partners\u00e9g.<\/li>\n<\/ul>\n\n\n\n<p><\/p>\n","protected":false},"excerpt":{"rendered":"<p>Kapcsolat Keressen minket bizalommal! Legyen sz\u00f3 term\u00e9kinform\u00e1ci\u00f3r\u00f3l, \u00e1raj\u00e1nlatk\u00e9r\u00e9sr\u0151l vagy technikai t\u00e1mogat\u00e1sr\u00f3l, szak\u00e9rt\u0151 csapatunk k\u00e9szs\u00e9ggel \u00e1ll rendelkez\u00e9s\u00e9re. K\u00f6zponti el\u00e9rhet\u0151s\u00e9gek A hat\u00e9konyabb \u00fcgyint\u00e9z\u00e9s \u00e9rdek\u00e9ben k\u00e9rj\u00fck, keresse az illet\u00e9kes ter\u00fcletet: C\u00e9gadatok Dezo Tech &#8230;<\/p>\n","protected":false},"author":1,"featured_media":0,"parent":0,"menu_order":0,"comment_status":"closed","ping_status":"closed","template":"","meta":{"pagelayer_contact_templates":[],"_pagelayer_content":"","footnotes":""},"class_list":["post-25","page","type-page","status-publish","hentry"],"_links":{"self":[{"href":"https:\/\/dezotech.hu\/index.php?rest_route=\/wp\/v2\/pages\/25","targetHints":{"allow":["GET"]}}],"collection":[{"href":"https:\/\/dezotech.hu\/index.php?rest_route=\/wp\/v2\/pages"}],"about":[{"href":"https:\/\/dezotech.hu\/index.php?rest_route=\/wp\/v2\/types\/page"}],"author":[{"embeddable":true,"href":"https:\/\/dezotech.hu\/index.php?rest_route=\/wp\/v2\/users\/1"}],"replies":[{"embeddable":true,"href":"https:\/\/dezotech.hu\/index.php?rest_route=%2Fwp%2Fv2%2Fcomments&post=25"}],"version-history":[{"count":25,"href":"https:\/\/dezotech.hu\/index.php?rest_route=\/wp\/v2\/pages\/25\/revisions"}],"predecessor-version":[{"id":117,"href":"https:\/\/dezotech.hu\/index.php?rest_route=\/wp\/v2\/pages\/25\/revisions\/117"}],"wp:attachment":[{"href":"https:\/\/dezotech.hu\/index.php?rest_route=%2Fwp%2Fv2%2Fmedia&parent=25"}],"curies":[{"name":"wp","href":"https:\/\/api.w.org\/{rel}","templated":true}]}}